16
Let y(p) be the third derivative of p**5/60 + 5*p**4/8 + 7*p**3/2 + 87*p**2 - 8*p. Calculate y(-14).
7
Suppose -2*b = -2*w - 10, 0*w - 52 = 4*w + 4*b. Let i(h) = -6*h**2 + 2*h**3 - 3*h**3 - 182653 - 3*h**2 + 182657. Determine i(w).
4
Let y(x) = -x**3 - 6*x**2 - 6*x + 2. Let k = -10773 - -10771. Determine y(k).
-2
Suppose -200*k + 201*k + 13 = 3*c, 5*c - 4*k - 31 = 0. Let a(m) be the third derivative of -3*m**2 - 1/3*m**c + 1/30*m**5 + 0 + 0*m + 1/12*m**4. Give a(-2).
2
Let n(h) = h**2 - 8*h + 8. Suppose 0 = 4*a + 16, 2*w - 4*a - 28 = -5*a. Let i(v) = -9*v**2 - 18*v**2 - 5 - 15*v + 28*v**2 - 4. Let t be i(w). What is n(t)?
1
Let g(y) = 11*y - 22. Let n = 329 - 336. Let z(f) = -3*f + 7. Let t(a) = n*z(a) - 2*g(a). What is t(10)?
-15
Let k(w) = 31*w - 1. Suppose t = 4*t - 2*v - 4, -4*v + 4 = 0. Suppose 2 = t*h - 5*o - 20, h - 21 = 5*o. Give k(h).
30
Let l = 4170 - 4162. Let v(k) = k**2 - 11*k + 14. Give v(l).
-10
Let s(z) = -67*z - 7897. Let u be s(-118). Let n(c) = -c**3 + 9*c**2 + 4. Determine n(u).
4
Let g(p) = -6 - 29 + 10*p + 1691*p**2 - 835*p**2 - 853*p**2 + 2*p. Calculate g(3).
28
Let o = -1437 + 17255/12. Let t(p) be the second derivative of -11*p + 0*p**2 - o*p**4 + 0*p**3 + 0. What is t(1)?
-11
Let l(j) be the first derivative of -5*j**2/2 + 169*j - 9268. Calculate l(34).
-1
Let d be (-4)/10 + ((-238)/35)/(-2). Let i(c) = -20*c**2 - 28*c**3 + 19*c + 26*c**d - 37*c + 5. What is i(-9)?
5
Let c(r) = -10*r**2 - 6*r - 4. Let y(j) = -3*j**2 - j - 1. Let o(b) = c(b) - 3*y(b). Suppose -4*p = -5*s - 45 - 0, p + 3*s = 7. Let n = p - 13. What is o(n)?
-1
Let y(l) be the first derivative of -2*l**3 + l**2/2 - 5*l - 6166. Determine y(-4).
-105
Let a(g) = 3*g - 21. Let q be a(8). Let j be (-3 - 2)/(2 - q). Suppose j*f + 5*z - 4*z = 35, 0 = -z + 5. Let m(o) = o - 1. Calculate m(f).
5
Let o(b) = -2*b - 13*b + 0*b - 3*b - b**2 + 0*b + 12*b - 1. Let h be 19/(-3) - 2/3. Give o(h).
-8
Let d(n) = 5*n**3 - 3*n**2 + 2*n + 6. Let p(x) = -4*x**3 + 4*x**2 - 3*x - 8. Let c(o) = -5*d(o) - 4*p(o). Suppose -405 = -8*v - 413. Determine c(v).
8
Let f(s) = -16*s**3 + 3*s + 3. Let w = -27788 + 27787. Give f(w).
16
Let x = 3 - -2. Let q be (2 - 14/4)/((-6)/8). Let l(f) = -2*f + 3*f - 11 + q. What is l(x)?
-4
Let w(y) = -y**2 - y - 3. Let p(u) = u**2 - 5*u + 2. Let q be (-14)/126 - (-19)/9. Let f be p(q). Give w(f).
-15
Let o(k) = -k**3 - 5*k**2 + 6*k - 12. Let s be o(-6). Let t = s + 15. Let m(c) = 6*c**2 - 7*c - c**t + 2*c**3 - 2 - c. Calculate m(-7).
5
Suppose 516 + 429 = -63*p. Let x(u) = u**2 + 12*u - 4. Give x(p).
41
Suppose 0 = 4*s + 22 - 6. Let p(i) be the second derivative of i**5/20 + i**4/6 - 5*i**3/6 - 5*i**2/2 + 4268*i. Determine p(s).
-17
Suppose -3*j = -2*a + 6*a - 13, -4*j - 5*a + 16 = 0. Let w(v) = v - 14. Let z(m) = -2. Let c(l) = j*w(l) + 6*z(l). What is c(-1)?
3
Let h(r) be the second derivative of 0 + 1/15*r**5 + 2*r**3 + 29*r - 1/24*r**4 + 0*r**2. Let p(f) be the second derivative of h(f). What is p(-1)?
-9
Suppose h = -5*t - 9, 5*h - 30 = 3*t - 75. Let l be h + (-2)/(-1) + 3. Let c be 4 + 2 + (-4 - l). Let p(f) = 4*f - 4. Calculate p(c).
20
Let q(h) = 7*h**2 - 12*h + 1. Let z(c) = -7*c**2 + 14*c - 1. Let k = -241 - -246. Let m(f) = k*z(f) + 6*q(f). Determine m(1).
6
Let c(h) be the second derivative of h**6/360 + 3*h**5/40 - h**4/4 + 9*h**3 + 35*h. Let l(i) be the second derivative of c(i). What is l(-7)?
-20
Let a(q) = 5*q**2 - 9 + 3*q + 6*q - 3*q**2 - 6*q + 11. Let y = -103 + 100. Calculate a(y).
11
Let j = 191 - 122. Let f(m) = -j*m - 74*m + 144*m. Give f(-5).
-5
Let w(n) = -n**2 + 8*n - 4. Let y(t) be the third derivative of -t**6/120 + t**5/6 - t**4/4 - 7*t**3/2 + 59*t**2. Let o be y(9). Determine w(o).
8
Let n(r) = -5*r - 2*r**2 + r**3 + 5*r - 190 + 181 + 6*r - 4*r**2. Calculate n(5).
-4
Let q(b) = 6*b + 11. Let p(j) = -2*j - 8. Let a(k) = 4*p(k) + 3*q(k). Determine a(0).
1
Let q(r) = 3*r**3 - 4*r**3 - r**2 - 2*r + 5*r**2. Suppose -97 = -61*d + 126 + 30 - 9. Determine q(d).
-8
Let g(m) be the third derivative of -m**4/4 + 11*m**3/6 - m**2 - 1502*m. Determine g(4).
-13
Let b(i) be the second derivative of -i**5/20 - 5*i**2 - 8*i - 48. Determine b(0).
-10
Let f(x) = -x**3 - 9*x**2 + 6*x - 13. Let w be (-52)/5 - ((-25)/((-875)/(-294)) - -8). Give f(w).
27
Let c(k) = -k**3 - 5*k**2 + 6*k + 3. Suppose -28*h + 35*h + 21 = 0. Let o(r) = 5*r**2 + 2*r**2 + 3 - 5*r**2 + r**3. Let v be o(h). What is c(v)?
3
Let l(o) = 7*o + 2. Let j(p) = -3*p**2 - 8*p - 10. Let b be j(-4). Let n be (-1 - -4) + (-13)/b*-10. Give l(n).
-12
Let c(m) = -m - 21. Let f be c(-17). Let w(t) = 6*t**2 + 6*t + 1. Let o(v) = v**2 + v. Let a be (-4)/2*(-6)/36*-3. Let y(r) = a*w(r) + 5*o(r). Give y(f).
-13
Suppose 66 = 6*p - 25*s + 22*s, 5*s + 54 = 3*p. Let h(a) = -a**2 + 11*a - 10. What is h(p)?
14
Suppose -p - 20 = -6*p. Let r(k) = p*k + 3 + 2*k + 0*k - 4*k. Let z = 4 + -6. Calculate r(z).
-1
Let k(n) be the first derivative of -n**3/3 + 21*n**2/2 + 47*n + 3055. What is k(23)?
1
Let y(h) be the first derivative of -1/3*h**3 + 7*h + 53 - 7/2*h**2. Give y(-6).
13
Let l(s) be the first derivative of -1/4*s**4 - 3*s**3 - 8*s + 9/2*s**2 - 164. Calculate l(-10).
2
Let c(z) = -z**2 + 64*z + 4735. Let q be c(108). Let w(i) = i**3 + 15*i**2 - 33*i - 30. Determine w(q).
-47
Suppose -11*k - 23 = -298. Let u(t) = t - 41. Calculate u(k).
-16
Let l(x) = -x**2 - 19*x - 17. Let g be (222 + -221)*30/(-2). Calculate l(g).
43
Let s(b) = 60*b**3 - b. Let h be (-6)/16 + (-561)/(-408). Give s(h).
59
Let n be (-1235)/(-1254) + 1 + 27/(-33). Let u(v) be the second derivative of -n*v**3 + 0 + 11*v - 1/20*v**5 - 3*v**2 - 2/3*v**4. What is u(-7)?
-6
Let w = -833 + 1083. Suppose -331 = 9*q - w. Let h(d) = d - 11. Give h(q).
-20
Let i(t) = t**2 + 7*t - 6. Suppose 0 = 29*o - 24*o. Suppose -x - 4*m = 17, 6*m - m + 25 = o. Suppose -q + x*q = -14. Determine i(q).
-6
Let t(c) = 16*c - 12. Let r be t(1). Let d(l) = -l**2 + r*l + 2 + 4*l - 5*l - 6*l. Give d(-2).
4
Let s(w) be the first derivative of -5*w**4/4 - w**3/3 + w**2/2 + 4*w - 3119. What is s(-3)?
127
Let t(s) = 14*s - 2. Suppose -20*w = -k - 18*w - 7, k = -w + 5. What is t(k)?
12
Let f(w) = -4*w - 31. Let t(p) = -472*p + 9433. Let v be t(20). Give f(v).
-3
Let r(v) = -29*v**3 + v**2 - 1 + 4568*v - 2258*v - 2310*v. Calculate r(-1).
29
Let s(f) be the first derivative of 2*f**3/3 - f**2/2 - f + 3. Let c be s(2). Let w(g) = 2568 - 5103 + 2528 - 4*g. Give w(c).
-27
Suppose -l + 5 = q, -3*l - 2*q = -4*q. Suppose -g - g = -4*n + 20, l*n = 3*g + 18. Let k(t) = t**2 + 4*t + 4. Determine k(g).
4
Let c(o) = -4*o**3 - 2*o + 464182 - 464230 + 5*o**3 - 7*o**2. What is c(8)?
0
Let b be 12 - 20 - (-48)/3. Let a(r) = 4*r - 16. What is a(b)?
16
Let j(s) = 33*s + 3*s**2 - 8 - 2*s**2 + 34*s + 44*s - 102*s. Give j(-10).
2
Let n(r) = -19 + 3 + 491*r + 4 - 489*r - 39. Determine n(22).
-7
Let j(k) = k**2 + 10*k + 19. Let w(s) = -s**3 + 7*s**2 - 5*s + 199. Let p be w(9). Give j(p).
3
Let t(k) = -14*k**3 + k**2 + k + 1. Let y(u) = 85*u**3 - 7*u - 10. Let z(g) = 6*t(g) + y(g). Let v(f) = f**3 - 5*f**2 + 3*f + 3. Let w be v(3). Give z(w).
2
Suppose 0 = -i + 26*k + 118, 9*k - 4*k = i - 13. Let o(q) = q**3 + 12*q**2 - 9*q - 10. Give o(i).
98
Suppose 4*q = -m - 9, 0 = -5*m + 6*m + 2*q + 3. Let u(d) = -10*d**2 + 10*d**3 - d + 9*d**m - 10*d**2 + d**3 + 22*d**2. Give u(1).
21
Let x(r) = -106*r + 312*r + 21 - 106*r - 106*r. Calculate x(4).
-3
Suppose -2 = -3*o + 2*t, -3*o + 0*t - t - 1 = 0. Suppose -s + 2 = -3*x + 3, o = 4*s - 20. Let m(n) = -2*n - 8*n**x + 1 + 9*n**2 + 2*n**2. Calculate m(2).
9
Let w(r) be the third derivative of 7*r**4/24 + 2*r**3/3 - 2*r**2 + 7226*r + 2. Suppose -5*o - 4 = 11. What is w(o)?
-17
Let j(q) = -27907*q**2 + 0 + 27901*q**2 - 3. Give j(-2).
-27
Let r(z) be the first derivative of -z**3/3 + 4*z**2 - 5*z + 2. Let k = -477 + 502. Suppose -4*b + 5*q + 23 = -24, 2*b = 3*q + k. Determine r(b).
-5
Let b(m) = -2*m + 5*m - 18 - m. Let t be b(0). Let g = -19 - t. Let l(k) = k + 1. Calculate l(g).
0
Let n(b) = b**2 + 7*b - 10. Let v = -2616 + 2610. Give n(v).
-16
Let z(x) = x**2 - 27*x + 75. Let k be 37101/1494 + (-10)/12. Determine z(k).
3
Let v(j) = 52*j**2 - 5*j + 3*j + j + 49*j**2 - 21*j**3 - 102*j**2. Determine v(-1).
21
Let s(c) = c**3 + 3*c**2 - c - 2. Suppos